{"id":234,"date":"2013-03-22T19:10:47","date_gmt":"2013-03-22T19:10:47","guid":{"rendered":"http:\/\/sarahpeire.be\/?page_id=234"},"modified":"2022-10-20T09:22:49","modified_gmt":"2022-10-20T09:22:49","slug":"programs","status":"publish","type":"page","link":"http:\/\/sarahpeire.be\/?page_id=234","title":{"rendered":"Programs"},"content":{"rendered":"<p style=\"text-align: center;\"><span style=\"color: #ff00ff;\"><a href=\"http:\/\/sarahpeire.be\/wp-content\/uploads\/2013\/03\/DSC0240_1_1.jpg\"><span style=\"color: #ff00ff;\"><img loading=\"lazy\" decoding=\"async\" class=\"size-large wp-image-952 aligncenter\" alt=\"_DSC0240_1_1\" src=\"http:\/\/sarahpeire.be\/wp-content\/uploads\/2013\/03\/DSC0240_1_1-1024x682.jpg\" width=\"630\" height=\"419\" srcset=\"http:\/\/sarahpeire.be\/wp-content\/uploads\/2013\/03\/DSC0240_1_1-1024x682.jpg 1024w, http:\/\/sarahpeire.be\/wp-content\/uploads\/2013\/03\/DSC0240_1_1-300x199.jpg 300w\" sizes=\"auto, (max-width: 630px) 100vw, 630px\" \/><\/span><\/a><\/span><\/p>\n<ul>\n<li style=\"text-align: center;\"><span style=\"color: #ff00ff;\"><strong>AMARANT+<\/strong><\/span><\/li>\n<\/ul>\n<p style=\"text-align: center;\">Additional to the repertoire with orchestra, Sarah Peire is also fascinated by chamber music repertory.<\/p>\n<p style=\"text-align: center;\">Therefore she has different formations with whom she works regulary together.<\/p>\n<p><strong>\u00a0AMARANT+<\/strong>\u00a0is the young and female woodwind quintet together with soprano Sarah Peire.<\/p>\n<p>The musicians: Inge Smedts (flute), Eva\u00a0 Debruyne (oboe), Eva Sali\u00ebn (clarinet), Tinne Dehertelfelt (horn) and Alien Boussemaere (bassoon) have all been playing in many different well-known orchestras in Belgium and abroad. Thanks to our house-composer Bart Watt\u00e9 there is no limitation on the repertory. Amarant+ brings poetic songs, famous classical opera arias, joyful folk songs,&#8230;<\/p>\n<p style=\"text-align: center;\">\u00a0<em><strong>click\u00a0<a href=\"https:\/\/www.youtube.com\/watch?v=4eECPrYenKg&amp;feature=youtu.be\">here<\/a>\u00a0 for a live video from Amarant+\u00a0 from &#8220;soir\u00e9e \u00e0 l&#8217;op\u00e9ra&#8221;<\/strong><\/em><\/p>\n<p>As time flies, life changes, we welcome and present you new collegues in our new cast for Amarant:<\/p>\n<p>Marjolein Lemmens plays the flute, Eva Debruyne oboe, Alien Boussemaere \u00a0bassoon, Amy Geurtjes horn and Eva Sali\u00ebn clarinet .<\/p>\n<p>The New program &#8221; Van avondrood &#8230;tot &#8230; ochtendgloren&#8221; (From the red of the evening &#8230;till &#8230;de morning sunrise) \u00a0is a poetic program in which we make\u00a0 a journey in the time span from the nigth falls , through dreams an nigthmares till morning light awakes&#8230;.<\/p>\n<p style=\"text-align: center;\"><em><strong>click <a href=\"https:\/\/youtu.be\/NPXWOxCzxQs \">here<\/a> click here for the teaserfilm &#8220;Van avondrood &#8230; tot &#8230; ochtendgloren&#8221;<\/strong><\/em><\/p>\n<p>&nbsp;<\/p>\n<p style=\"text-align: center;\"><a href=\"http:\/\/sarahpeire.be\/wp-content\/uploads\/2013\/03\/DSC0533_1_1.jpg\"><img loading=\"lazy\" decoding=\"async\" class=\"size-large wp-image-955 aligncenter\" alt=\"_DSC0533_1_1\" src=\"http:\/\/sarahpeire.be\/wp-content\/uploads\/2013\/03\/DSC0533_1_1-1024x682.jpg\" width=\"630\" height=\"419\" srcset=\"http:\/\/sarahpeire.be\/wp-content\/uploads\/2013\/03\/DSC0533_1_1-1024x682.jpg 1024w, http:\/\/sarahpeire.be\/wp-content\/uploads\/2013\/03\/DSC0533_1_1-300x199.jpg 300w\" sizes=\"auto, (max-width: 630px) 100vw, 630px\" \/><\/a><\/p>\n<p>&nbsp;<\/p>\n<p>&nbsp;<\/p>\n<p>&nbsp;<\/p>\n<p>&nbsp;<\/p>\n<p>2012 Sarah Peire had the idea to group all of her chamber music formations.<\/p>\n<p>&nbsp;<\/p>\n<p style=\"text-align: center;\"><a href=\"http:\/\/sarahpeire.be\/wp-content\/uploads\/2013\/03\/MuzaiqueLogo2.jpg\"><img loading=\"lazy\" decoding=\"async\" class=\"aligncenter\" alt=\"Muza\u00efque Vocale\" src=\"http:\/\/sarahpeire.be\/wp-content\/uploads\/2013\/03\/MuzaiqueLogo2.jpg\" width=\"370\" height=\"352\" \/><\/a><\/p>\n<p>&nbsp;<\/p>\n<p>&nbsp;<\/p>\n<p>Under the name of<strong> &#8220;MUZA\u00cfQUE VOCALE&#8221;<\/strong> she brings an unlimited variety of chamber music programs: from Baroque recitals (with historical instruments) and Liedrecitals to more unique combinations as oboe, flute, harp&#8230;<\/p>\n<p>&nbsp;<\/p>\n<p>&nbsp;<\/p>\n<p>&nbsp;<\/p>\n<p>&nbsp;<\/p>\n<p>&nbsp;<\/p>\n<p>&nbsp;<\/p>\n<p>&nbsp;<\/p>\n<p>&nbsp;<\/p>\n<p>For more detailed information, please contact me.<\/p>\n<p><a href=\"http:\/\/www.ingesmedts.be\/kamermuziek.html\"><br \/>\n<\/a><\/p>\n","protected":false},"excerpt":{"rendered":"<p>AMARANT+ Additional to the repertoire with orchestra, Sarah Peire is also fascinated by chamber music repertory. Therefore she has different formations with whom she works regulary together. \u00a0AMARANT+\u00a0is the young and female woodwind quintet together with soprano Sarah Peire. The musicians: Inge Smedts (flute), Eva\u00a0 Debruyne (oboe), Eva Sali\u00ebn (clarinet), Tinne Dehertelfelt (horn) and Alien [&hellip;]<\/p>\n","protected":false},"author":1,"featured_media":0,"parent":0,"menu_order":0,"comment_status":"closed","ping_status":"closed","template":"","meta":{"footnotes":""},"class_list":["post-234","page","type-page","status-publish","hentry"],"_links":{"self":[{"href":"http:\/\/sarahpeire.be\/index.php?rest_route=\/wp\/v2\/pages\/234","targetHints":{"allow":["GET"]}}],"collection":[{"href":"http:\/\/sarahpeire.be\/index.php?rest_route=\/wp\/v2\/pages"}],"about":[{"href":"http:\/\/sarahpeire.be\/index.php?rest_route=\/wp\/v2\/types\/page"}],"author":[{"embeddable":true,"href":"http:\/\/sarahpeire.be\/index.php?rest_route=\/wp\/v2\/users\/1"}],"replies":[{"embeddable":true,"href":"http:\/\/sarahpeire.be\/index.php?rest_route=%2Fwp%2Fv2%2Fcomments&post=234"}],"version-history":[{"count":53,"href":"http:\/\/sarahpeire.be\/index.php?rest_route=\/wp\/v2\/pages\/234\/revisions"}],"predecessor-version":[{"id":1015,"href":"http:\/\/sarahpeire.be\/index.php?rest_route=\/wp\/v2\/pages\/234\/revisions\/1015"}],"wp:attachment":[{"href":"http:\/\/sarahpeire.be\/index.php?rest_route=%2Fwp%2Fv2%2Fmedia&parent=234"}],"curies":[{"name":"wp","href":"https:\/\/api.w.org\/{rel}","templated":true}]}}

<p style="text-align: center;"><span style="color: #ff00ff;"><a href="http://sarahpeire.be/wp-content/uploads/2013/03/DSC0240_1_1.jpg"><span style="color: #ff00ff;"><img loading="lazy" decoding="async" class="size-large wp-image-952 aligncenter" alt="_DSC0240_1_1" src="http://sarahpeire.be/wp-content/uploads/2013/03/DSC0240_1_1-1024x682.jpg" width="630" height="419" srcset="http://sarahpeire.be/wp-content/uploads/2013/03/DSC0240_1_1-1024x682.jpg 1024w, http://sarahpeire.be/wp-content/uploads/2013/03/DSC0240_1_1-300x199.jpg 300w" sizes="auto, (max-width: 630px) 100vw, 630px" /></span></a></span></p>
<ul>
<li style="text-align: center;"><span style="color: #ff00ff;"><strong>AMARANT+</strong></span></li>
</ul>
<p style="text-align: center;">Additional to the repertoire with orchestra, Sarah Peire is also fascinated by chamber music repertory.</p>
<p style="text-align: center;">Therefore she has different formations with whom she works regulary together.</p>
<p><strong> AMARANT+</strong> is the young and female woodwind quintet together with soprano Sarah Peire.</p>
<p>The musicians: Inge Smedts (flute), Eva  Debruyne (oboe), Eva Saliën (clarinet), Tinne Dehertelfelt (horn) and Alien Boussemaere (bassoon) have all been playing in many different well-known orchestras in Belgium and abroad. Thanks to our house-composer Bart Watté there is no limitation on the repertory. Amarant+ brings poetic songs, famous classical opera arias, joyful folk songs,&#8230;</p>
<p style="text-align: center;"> <em><strong>click <a href="https://www.youtube.com/watch?v=4eECPrYenKg&amp;feature=youtu.be">here</a>  for a live video from Amarant+  from &#8220;soirée à l&#8217;opéra&#8221;</strong></em></p>
<p>As time flies, life changes, we welcome and present you new collegues in our new cast for Amarant:</p>
<p>Marjolein Lemmens plays the flute, Eva Debruyne oboe, Alien Boussemaere  bassoon, Amy Geurtjes horn and Eva Saliën clarinet .</p>
<p>The New program &#8221; Van avondrood &#8230;tot &#8230; ochtendgloren&#8221; (From the red of the evening &#8230;till &#8230;de morning sunrise)  is a poetic program in which we make  a journey in the time span from the nigth falls , through dreams an nigthmares till morning light awakes&#8230;.</p>
<p style="text-align: center;"><em><strong>click <a href="https://youtu.be/NPXWOxCzxQs ">here</a> click here for the teaserfilm &#8220;Van avondrood &#8230; tot &#8230; ochtendgloren&#8221;</strong></em></p>
<p>&nbsp;</p>
<p style="text-align: center;"><a href="http://sarahpeire.be/wp-content/uploads/2013/03/DSC0533_1_1.jpg"><img loading="lazy" decoding="async" class="size-large wp-image-955 aligncenter" alt="_DSC0533_1_1" src="http://sarahpeire.be/wp-content/uploads/2013/03/DSC0533_1_1-1024x682.jpg" width="630" height="419" srcset="http://sarahpeire.be/wp-content/uploads/2013/03/DSC0533_1_1-1024x682.jpg 1024w, http://sarahpeire.be/wp-content/uploads/2013/03/DSC0533_1_1-300x199.jpg 300w" sizes="auto, (max-width: 630px) 100vw, 630px" /></a></p>
<p>&nbsp;</p>
<p>&nbsp;</p>
<p>&nbsp;</p>
<p>&nbsp;</p>
<p>2012 Sarah Peire had the idea to group all of her chamber music formations.</p>
<p>&nbsp;</p>
<p style="text-align: center;"><a href="http://sarahpeire.be/wp-content/uploads/2013/03/MuzaiqueLogo2.jpg"><img loading="lazy" decoding="async" class="aligncenter" alt="Muzaïque Vocale" src="http://sarahpeire.be/wp-content/uploads/2013/03/MuzaiqueLogo2.jpg" width="370" height="352" /></a></p>
<p>&nbsp;</p>
<p>&nbsp;</p>
<p>Under the name of<strong> &#8220;MUZAÏQUE VOCALE&#8221;</strong> she brings an unlimited variety of chamber music programs: from Baroque recitals (with historical instruments) and Liedrecitals to more unique combinations as oboe, flute, harp&#8230;</p>
<p>&nbsp;</p>
<p>&nbsp;</p>
<p>&nbsp;</p>
<p>&nbsp;</p>
<p>&nbsp;</p>
<p>&nbsp;</p>
<p>&nbsp;</p>
<p>&nbsp;</p>
<p>For more detailed information, please contact me.</p>
<p><a href="http://www.ingesmedts.be/kamermuziek.html"><br />
</a></p>

<p>AMARANT+ Additional to the repertoire with orchestra, Sarah Peire is also fascinated by chamber music repertory. Therefore she has different formations with whom she works regulary together.  AMARANT+ is the young and female woodwind quintet together with soprano Sarah Peire. The musicians: Inge Smedts (flute), Eva  Debruyne (oboe), Eva Saliën (clarinet), Tinne Dehertelfelt (horn) and Alien [&hellip;]</p>
