{"id":628,"date":"2016-01-16T20:16:18","date_gmt":"2016-01-16T20:16:18","guid":{"rendered":"http:\/\/sarahpeire.be\/?page_id=628"},"modified":"2017-01-08T18:29:05","modified_gmt":"2017-01-08T18:29:05","slug":"concerts-2015","status":"publish","type":"page","link":"http:\/\/sarahpeire.be\/?page_id=628","title":{"rendered":"Concerts 2015"},"content":{"rendered":"<p><img decoding=\"async\" title=\"More...\" alt=\"\" src=\"http:\/\/sarahpeire.be\/wp-includes\/js\/tinymce\/plugins\/wordpress\/img\/trans.gif\" \/><em><strong>4 January<\/strong><\/em><\/p>\n<p>15h00, Terneuzen (NL),<a href=\"http:\/\/www.porgyenbess.nl\"> Porgy en Bess Terneuzen<\/a>,&#8217;Matin\u00e9e \u00e0 l&#8217;op\u00e9ra&#8217; together with woodwindquintet Amarant.<\/p>\n<p><em><strong>8 March<\/strong><\/em><\/p>\n<p>16h00, Brugge, Minderbroeders-KapucijnenKerk, BWV 47, BVW 92, BWV 178, BVW 72, conductors: I.Thevelein, J.Vuye.<\/p>\n<p><em><strong>15 March<\/strong><\/em><\/p>\n<p>11h00, Brugge, Zaal Sint-Lodewijkscollege, &#8216;Ap\u00e9ro \u00e0 l&#8217;op\u00e9ra&#8217; together with the woodwindquintet Amarant.<\/p>\n<p><em><strong>3 April<\/strong><\/em><\/p>\n<p>19h30, Haarlem (NL), Philharmonie Haarlem, St Matthew passion &#8211; J.S.Bach, together with COV Haarlem conductor: H.Brasser.<\/p>\n<p><strong>\u00a0<em>5 April<\/em><\/strong><\/p>\n<p>10h15, Sankt Severin, Aachen (D), Missa Sancti Nicolai- J.Haydn,conductor: M.Van Westen.<\/p>\n<p><strong><em>9 May<\/em><\/strong><\/p>\n<p>20h00, Sint Pieters en Pauluskerk, Oostende, \u00a0Magnificat \u00a0and \u00a0cantata 196-J.S.Bach, conductor: P.Ledaine.<\/p>\n<p><em><strong>11 July &#8211; 19 July<\/strong><\/em><\/p>\n<p><em><strong><\/strong><\/em>Vocalcoach at the \u00a0&#8216;Kooracademie&#8217; Bruges.<\/p>\n<p><em><strong>19 July<\/strong><\/em><\/p>\n<p>17h00, Brugge Kapucijnenkerk, soloist at the final concert Kooracademie, works from F.Mendelsohn, A.Boyce, P.Hawes,\u00a0conductors: P.Peire, I.Thevelein, L.Claesen.<\/p>\n<p><em><strong>27 July &#8211; 2 August<\/strong><\/em><\/p>\n<p>Masterclass together with Zeger Vandersteene, conservatory Bruges.<\/p>\n<p><em><strong>30 August<\/strong><\/em><\/p>\n<p>Cultuurmarkt Antwerp, together with Woodwindquintet Amarant+.<\/p>\n<p><strong><em>18 September<\/em><\/strong><\/p>\n<p>19h30, Lochristi, together with Woodwindquintet Amarant+ \u00a0<a href=\"http:\/\/www.gentfestival.be\/programma\/amarant\" target=\"_blank\">http:\/\/www.gentfestival.be\/programma\/amarant<\/a><\/p>\n<p><em><strong>19<\/strong><strong> September<\/strong><\/em><\/p>\n<p>19h30,Veurne dienstencentrum &#8216; De zonnebloem&#8217;, works from G.Bononcini, G.F.H\u00e4ndel, A.Caldara, conductor P.Peire.<\/p>\n<p><em><strong>2 October<\/strong><\/em><\/p>\n<p>20h30,Deerlijk St.Columbakerk,\u00a0\u00a0works from G.Bononcini, G.F.H\u00e4ndel, A.Caldara, conductor P.Peire.<\/p>\n<p><em><strong>17 October<\/strong><\/em><\/p>\n<p>19h30,Oudenaarde St.Walburga kerk,\u00a0\u00a0works from G.Bononcini, G.F.H\u00e4ndel, A.Caldara, conductor P.Peire.<\/p>\n<p><em><strong>18 October<\/strong><\/em><\/p>\n<p>16h30, Middelburg (NL) Nieuwe Kerk, Magnificat &#8211; \u00a0J.S.Bach, conductor L.Claesen.<\/p>\n<p><em><strong>1 November<\/strong><\/em><\/p>\n<p>15h00, \u00a0Aachen (D),\u00a0Sankt Severin, Requiem &#8211; \u00a0J. Rutter, conductor M. van Westen.<\/p>\n<p><em><strong>15 \u00a0November<\/strong><\/em><\/p>\n<p>17h30, Aachen (D),\u00a0Sankt Severin , Requiem- \u00a0J. Rutter, conductor M.van Westen.<\/p>\n<p><strong><em>12 December<\/em><\/strong><\/p>\n<p>19h00, Aachen (D), Sankt Katharina, Oratorio de No\u00ebl \u00a0&#8211; \u00a0St. Saens, conductor \u00a0P.Schulz.<\/p>\n<p><strong><em>18 December<\/em><\/strong><\/p>\n<p>20h00,Buizingen,\u00a0Don Bosco Church , works from W.A.Mozart, E.Grieg, Ch. Gounod, G.Donizetti together with ensemble Kreato, conductor D.De Roeck.<\/p>\n<p><em><strong>20 December<\/strong><\/em><\/p>\n<p>20h00, Ursel, Church, &#8216;Gloria&#8217;- A.Vivaldi, conductor G.De Meyer.<\/p>\n<p><em><strong>22 December<\/strong><\/em><\/p>\n<p>11h00, Gent,Gravensteen, \u00a0&#8216;ap\u00e9ro \u00e0 l&#8217;op\u00e9ra&#8217; together with woodwindquintet Amarant+.<\/p>\n<p><em><strong>26 December<\/strong><\/em><\/p>\n<p>11h00, Aachen (D),\u00a0Sankt Severin , Oratorio de Noel &#8211; C .St. Sa\u00ebns, conductor M.van Westen.<\/p>\n<p><em><strong>28 December<\/strong><\/em><\/p>\n<p>20h00, Brugge,\u00a0Kapucijnen kerk , Weihnachtsoratorium &#8211; J.S.Bach , conductor I.Thevelein.<\/p>\n","protected":false},"excerpt":{"rendered":"<p>4 January 15h00, Terneuzen (NL), Porgy en Bess Terneuzen,&#8217;Matin\u00e9e \u00e0 l&#8217;op\u00e9ra&#8217; together with woodwindquintet Amarant. 8 March 16h00, Brugge, Minderbroeders-KapucijnenKerk, BWV 47, BVW 92, BWV 178, BVW 72, conductors: I.Thevelein, J.Vuye. 15 March 11h00, Brugge, Zaal Sint-Lodewijkscollege, &#8216;Ap\u00e9ro \u00e0 l&#8217;op\u00e9ra&#8217; together with the woodwindquintet Amarant. 3 April 19h30, Haarlem (NL), Philharmonie Haarlem, St Matthew passion [&hellip;]<\/p>\n","protected":false},"author":1,"featured_media":0,"parent":9,"menu_order":96,"comment_status":"closed","ping_status":"closed","template":"","meta":{"footnotes":""},"class_list":["post-628","page","type-page","status-publish","hentry"],"_links":{"self":[{"href":"http:\/\/sarahpeire.be\/index.php?rest_route=\/wp\/v2\/pages\/628","targetHints":{"allow":["GET"]}}],"collection":[{"href":"http:\/\/sarahpeire.be\/index.php?rest_route=\/wp\/v2\/pages"}],"about":[{"href":"http:\/\/sarahpeire.be\/index.php?rest_route=\/wp\/v2\/types\/page"}],"author":[{"embeddable":true,"href":"http:\/\/sarahpeire.be\/index.php?rest_route=\/wp\/v2\/users\/1"}],"replies":[{"embeddable":true,"href":"http:\/\/sarahpeire.be\/index.php?rest_route=%2Fwp%2Fv2%2Fcomments&post=628"}],"version-history":[{"count":3,"href":"http:\/\/sarahpeire.be\/index.php?rest_route=\/wp\/v2\/pages\/628\/revisions"}],"predecessor-version":[{"id":631,"href":"http:\/\/sarahpeire.be\/index.php?rest_route=\/wp\/v2\/pages\/628\/revisions\/631"}],"up":[{"embeddable":true,"href":"http:\/\/sarahpeire.be\/index.php?rest_route=\/wp\/v2\/pages\/9"}],"wp:attachment":[{"href":"http:\/\/sarahpeire.be\/index.php?rest_route=%2Fwp%2Fv2%2Fmedia&parent=628"}],"curies":[{"name":"wp","href":"https:\/\/api.w.org\/{rel}","templated":true}]}}

<p><img decoding="async" title="More..." alt="" src="http://sarahpeire.be/wp-includes/js/tinymce/plugins/wordpress/img/trans.gif" /><em><strong>4 January</strong></em></p>
<p>15h00, Terneuzen (NL),<a href="http://www.porgyenbess.nl"> Porgy en Bess Terneuzen</a>,&#8217;Matinée à l&#8217;opéra&#8217; together with woodwindquintet Amarant.</p>
<p><em><strong>8 March</strong></em></p>
<p>16h00, Brugge, Minderbroeders-KapucijnenKerk, BWV 47, BVW 92, BWV 178, BVW 72, conductors: I.Thevelein, J.Vuye.</p>
<p><em><strong>15 March</strong></em></p>
<p>11h00, Brugge, Zaal Sint-Lodewijkscollege, &#8216;Apéro à l&#8217;opéra&#8217; together with the woodwindquintet Amarant.</p>
<p><em><strong>3 April</strong></em></p>
<p>19h30, Haarlem (NL), Philharmonie Haarlem, St Matthew passion &#8211; J.S.Bach, together with COV Haarlem conductor: H.Brasser.</p>
<p><strong> <em>5 April</em></strong></p>
<p>10h15, Sankt Severin, Aachen (D), Missa Sancti Nicolai- J.Haydn,conductor: M.Van Westen.</p>
<p><strong><em>9 May</em></strong></p>
<p>20h00, Sint Pieters en Pauluskerk, Oostende,  Magnificat  and  cantata 196-J.S.Bach, conductor: P.Ledaine.</p>
<p><em><strong>11 July &#8211; 19 July</strong></em></p>
<p><em><strong></strong></em>Vocalcoach at the  &#8216;Kooracademie&#8217; Bruges.</p>
<p><em><strong>19 July</strong></em></p>
<p>17h00, Brugge Kapucijnenkerk, soloist at the final concert Kooracademie, works from F.Mendelsohn, A.Boyce, P.Hawes, conductors: P.Peire, I.Thevelein, L.Claesen.</p>
<p><em><strong>27 July &#8211; 2 August</strong></em></p>
<p>Masterclass together with Zeger Vandersteene, conservatory Bruges.</p>
<p><em><strong>30 August</strong></em></p>
<p>Cultuurmarkt Antwerp, together with Woodwindquintet Amarant+.</p>
<p><strong><em>18 September</em></strong></p>
<p>19h30, Lochristi, together with Woodwindquintet Amarant+  <a href="http://www.gentfestival.be/programma/amarant" target="_blank">http://www.gentfestival.be/programma/amarant</a></p>
<p><em><strong>19</strong><strong> September</strong></em></p>
<p>19h30,Veurne dienstencentrum &#8216; De zonnebloem&#8217;, works from G.Bononcini, G.F.Händel, A.Caldara, conductor P.Peire.</p>
<p><em><strong>2 October</strong></em></p>
<p>20h30,Deerlijk St.Columbakerk,  works from G.Bononcini, G.F.Händel, A.Caldara, conductor P.Peire.</p>
<p><em><strong>17 October</strong></em></p>
<p>19h30,Oudenaarde St.Walburga kerk,  works from G.Bononcini, G.F.Händel, A.Caldara, conductor P.Peire.</p>
<p><em><strong>18 October</strong></em></p>
<p>16h30, Middelburg (NL) Nieuwe Kerk, Magnificat &#8211;  J.S.Bach, conductor L.Claesen.</p>
<p><em><strong>1 November</strong></em></p>
<p>15h00,  Aachen (D), Sankt Severin, Requiem &#8211;  J. Rutter, conductor M. van Westen.</p>
<p><em><strong>15  November</strong></em></p>
<p>17h30, Aachen (D), Sankt Severin , Requiem-  J. Rutter, conductor M.van Westen.</p>
<p><strong><em>12 December</em></strong></p>
<p>19h00, Aachen (D), Sankt Katharina, Oratorio de Noël  &#8211;  St. Saens, conductor  P.Schulz.</p>
<p><strong><em>18 December</em></strong></p>
<p>20h00,Buizingen, Don Bosco Church , works from W.A.Mozart, E.Grieg, Ch. Gounod, G.Donizetti together with ensemble Kreato, conductor D.De Roeck.</p>
<p><em><strong>20 December</strong></em></p>
<p>20h00, Ursel, Church, &#8216;Gloria&#8217;- A.Vivaldi, conductor G.De Meyer.</p>
<p><em><strong>22 December</strong></em></p>
<p>11h00, Gent,Gravensteen,  &#8216;apéro à l&#8217;opéra&#8217; together with woodwindquintet Amarant+.</p>
<p><em><strong>26 December</strong></em></p>
<p>11h00, Aachen (D), Sankt Severin , Oratorio de Noel &#8211; C .St. Saëns, conductor M.van Westen.</p>
<p><em><strong>28 December</strong></em></p>
<p>20h00, Brugge, Kapucijnen kerk , Weihnachtsoratorium &#8211; J.S.Bach , conductor I.Thevelein.</p>

<p>4 January 15h00, Terneuzen (NL), Porgy en Bess Terneuzen,&#8217;Matinée à l&#8217;opéra&#8217; together with woodwindquintet Amarant. 8 March 16h00, Brugge, Minderbroeders-KapucijnenKerk, BWV 47, BVW 92, BWV 178, BVW 72, conductors: I.Thevelein, J.Vuye. 15 March 11h00, Brugge, Zaal Sint-Lodewijkscollege, &#8216;Apéro à l&#8217;opéra&#8217; together with the woodwindquintet Amarant. 3 April 19h30, Haarlem (NL), Philharmonie Haarlem, St Matthew passion [&hellip;]</p>
