{"id":767,"date":"2018-02-04T13:55:51","date_gmt":"2018-02-04T13:55:51","guid":{"rendered":"http:\/\/sarahpeire.be\/?page_id=767"},"modified":"2019-01-03T12:58:31","modified_gmt":"2019-01-03T12:58:31","slug":"concerts-2017","status":"publish","type":"page","link":"http:\/\/sarahpeire.be\/?page_id=767","title":{"rendered":"Concerts 2017"},"content":{"rendered":"<p><strong>JANUARY 2017<\/strong><\/p>\n<p><strong><em>10 January<\/em><\/strong><\/p>\n<p>16h00, Promotiezaal Leuven, opluistering academische zitting faculteit Rechten together with C.Mertens piano, works from Poulenc, Rodrigo, Bizet.<\/p>\n<p><strong><em>22 January<\/em><\/strong><\/p>\n<p>10h00, Campus de Nayer Sint Katelijne Waver, concert Amarant+,&#8217;Ap\u00e9ro \u00e0 l&#8217;op\u00e9ra&#8217;.<\/p>\n<p><strong><em>28 January<\/em><\/strong><\/p>\n<p>16h00, &#8216;De kleine Stooringe&#8217; Roeselare- Rumbeke, concert Amarant+, &#8216;Matin\u00e9e \u00e0 l&#8217;op\u00e9ra&#8217;.<\/p>\n<p>19h00, &#8216;De Kleine Stooringe&#8217; \u00a0Roeselare- Rumbeke, concert Amarant+, &#8216;Soir\u00e9e \u00e0 l&#8217;op\u00e9ra&#8217;.<\/p>\n<p>&nbsp;<\/p>\n<p><strong>FEBRUARY 2017<\/strong><\/p>\n<p><strong><em>19 February<\/em><\/strong><\/p>\n<p>11h00, CC Guldenberg Wevelgem , concert Amarant +, &#8216;Ap\u00e9ro \u00e0 l&#8217;op\u00e9ra&#8217;.<\/p>\n<p>&nbsp;<\/p>\n<p><strong>MARCH 2017<\/strong><\/p>\n<p><em><strong>12 March<\/strong><\/em><\/p>\n<p>16h00, Kerk minderbroeders Kapucijnen Brugge, BWV 29, BWV 74, BWV 80 conductor I.Thevelein, L.Claesen.<\/p>\n<p><em><strong>31 March<\/strong><\/em><\/p>\n<p>20h00, Eglise Saint Jean Baptiste Dunkerque (F) , Stabat Mater- Pergolesi, Rheinberger, Kunz conductor: G.De Meyer.<\/p>\n<p>&nbsp;<\/p>\n<p><strong>APRIL 2017<\/strong><\/p>\n<p><em><strong>2 April<\/strong><\/em><\/p>\n<p>15h00, Dominicuskerk Amsterdam (NL), J.Haydn:&#8217;Die sieben letzten worte\u00a0Unseres erl\u00f6sers am kreuze&#8217; and<\/p>\n<p>C. Franck: \u00a0 &#8216;Les sept paroles du christ en croix&#8217; \u00a0conductor:\u00a0Martin van der Brugge.<\/p>\n<p><em><strong>8 April<\/strong><\/em><\/p>\n<p>20h00, OLV ter Duinenkerk Koksijde, Stabat Mater- Pergolesi, Rheinberge, Kunz conductor: G. De Meyer.<\/p>\n<p><em><strong>16 April<\/strong><\/em><\/p>\n<p>10h15, Sankt Severin Aachen (D), Kr\u00f6nungsmesse W.A.Mozart, conductor M.Van Westen.<\/p>\n<p><em><strong>22 April<\/strong><\/em><\/p>\n<p>16hOO, Elisabethzaal Antwerpen, Carmina Burana C.Orff, conductor: P.Dinneweth.<\/p>\n<p>20h00, Elisabethzaal Antwerpen, Carmina Burana C. Orff, conductor: P. Dinneweth.<\/p>\n<p>&nbsp;<\/p>\n<p><a href=\"http:\/\/sarahpeire.be\/wp-content\/uploads\/2012\/09\/fotorechten8.2.jpg\"><img loading=\"lazy\" decoding=\"async\" alt=\"fotorechten8.2\" src=\"http:\/\/sarahpeire.be\/wp-content\/uploads\/2012\/09\/fotorechten8.2.jpg\" width=\"454\" height=\"567\" \/><\/a><\/p>\n<p><strong>\u00a0MAY\u00a02017<\/strong><\/p>\n<p><strong><em>13 May<\/em><\/strong><\/p>\n<p>20h00, Kerk Minderbroeders Kapucijnen Brugge, &#8216;Song of Songs&#8217; P. Hawes together with collegium De Dunis \u00a0conductor I.Thevelein<\/p>\n<p>&nbsp;<\/p>\n<p><strong>JUNE 2017\u00a0<\/strong><\/p>\n<p><strong><em>4 June<\/em><\/strong><\/p>\n<p>10h00, Sinr-Pieters abdij Gent, Cydonia barocca<\/p>\n<p>&nbsp;<\/p>\n<p><strong>JULY 2017<\/strong><\/p>\n<p><strong><em>\u00a06-16 July<\/em><\/strong><\/p>\n<p>Docent Kooracademie Brugge<\/p>\n<p><em><strong>16 July<\/strong><\/em><\/p>\n<p>closing concert Kooracademie Brugge, works from P.Hawes,G.Rossine, \u00a0O.Gjeilo,e.a. conductor L.Claesen, I.Thevelein, P.Peire.<\/p>\n<p>&nbsp;<\/p>\n<p><strong>AUGUST 2017<\/strong><\/p>\n<p><strong><em>31 July &#8211; 6 August<\/em><\/strong><\/p>\n<p>Teacher at the \u00a0singing masterclass Bruges together with \u00a0Z. Vandersteene.<\/p>\n<p>&nbsp;<\/p>\n<p><strong>SEPTEMBER 2017<\/strong><\/p>\n<p><strong><em>15 September<\/em><\/strong><\/p>\n<p>20h00, CC &#8216;De Steiger&#8217; Menen, opera &#8216;Venus and Adonis&#8217; J.C.Pepush, \u00a0conductor P.Peire .<\/p>\n<p><strong><em>16 September\u00a0<\/em><\/strong><\/p>\n<p>19h00, CC &#8216;De Spil&#8217; Roeselare, opera &#8216;Venus and Adonis&#8217; J.C.Pepush, conductor P.Peire.<strong>\u00a0<\/strong><\/p>\n<p>&nbsp;<\/p>\n<p><strong>NOVEMBER 2017<\/strong><\/p>\n<p><strong><em>18 November<\/em><\/strong><\/p>\n<p>20h00, St-Pieterskerk Tielt, jubileumconcert Ultreya, works from O. Gjeilo and P.Hawes, conductor T.Hoornaert.<\/p>\n<p>&nbsp;<\/p>\n<p><strong>DECEMBER 2017<\/strong><\/p>\n<p><strong><em>16 December<\/em><\/strong><\/p>\n<p>20h00,\u00a0 Sint-Pauluskerk\u00a0 Antwerpen, &#8216;Messe in h-moll&#8217; J.S.Bach , Ensemble Alegria conductor M.Wuyts.<\/p>\n<p><strong><em>26 December<\/em><\/strong><\/p>\n<p>10h00,\u00a0 \u00a0Sankt Severin Aachen\u00a0(D), Pastoralmesse A.Diabelli conductor M. van Westen.<\/p>\n<p><em><strong>28 December\u00a0<\/strong><\/em><\/p>\n<p>20h00, \u00a0Kapucijnenkerk Brugge,&#8217; Weihnachtsoratorium&#8217; J.S.Bach , conductor I.Thevelein.<\/p>\n<p>&nbsp;<\/p>\n","protected":false},"excerpt":{"rendered":"<p>JANUARY 2017 10 January 16h00, Promotiezaal Leuven, opluistering academische zitting faculteit Rechten together with C.Mertens piano, works from Poulenc, Rodrigo, Bizet. 22 January 10h00, Campus de Nayer Sint Katelijne Waver, concert Amarant+,&#8217;Ap\u00e9ro \u00e0 l&#8217;op\u00e9ra&#8217;. 28 January 16h00, &#8216;De kleine Stooringe&#8217; Roeselare- Rumbeke, concert Amarant+, &#8216;Matin\u00e9e \u00e0 l&#8217;op\u00e9ra&#8217;. 19h00, &#8216;De Kleine Stooringe&#8217; \u00a0Roeselare- Rumbeke, concert Amarant+, [&hellip;]<\/p>\n","protected":false},"author":1,"featured_media":0,"parent":9,"menu_order":94,"comment_status":"closed","ping_status":"closed","template":"","meta":{"footnotes":""},"class_list":["post-767","page","type-page","status-publish","hentry"],"_links":{"self":[{"href":"http:\/\/sarahpeire.be\/index.php?rest_route=\/wp\/v2\/pages\/767","targetHints":{"allow":["GET"]}}],"collection":[{"href":"http:\/\/sarahpeire.be\/index.php?rest_route=\/wp\/v2\/pages"}],"about":[{"href":"http:\/\/sarahpeire.be\/index.php?rest_route=\/wp\/v2\/types\/page"}],"author":[{"embeddable":true,"href":"http:\/\/sarahpeire.be\/index.php?rest_route=\/wp\/v2\/users\/1"}],"replies":[{"embeddable":true,"href":"http:\/\/sarahpeire.be\/index.php?rest_route=%2Fwp%2Fv2%2Fcomments&post=767"}],"version-history":[{"count":2,"href":"http:\/\/sarahpeire.be\/index.php?rest_route=\/wp\/v2\/pages\/767\/revisions"}],"predecessor-version":[{"id":769,"href":"http:\/\/sarahpeire.be\/index.php?rest_route=\/wp\/v2\/pages\/767\/revisions\/769"}],"up":[{"embeddable":true,"href":"http:\/\/sarahpeire.be\/index.php?rest_route=\/wp\/v2\/pages\/9"}],"wp:attachment":[{"href":"http:\/\/sarahpeire.be\/index.php?rest_route=%2Fwp%2Fv2%2Fmedia&parent=767"}],"curies":[{"name":"wp","href":"https:\/\/api.w.org\/{rel}","templated":true}]}}

<p><strong>JANUARY 2017</strong></p>
<p><strong><em>10 January</em></strong></p>
<p>16h00, Promotiezaal Leuven, opluistering academische zitting faculteit Rechten together with C.Mertens piano, works from Poulenc, Rodrigo, Bizet.</p>
<p><strong><em>22 January</em></strong></p>
<p>10h00, Campus de Nayer Sint Katelijne Waver, concert Amarant+,&#8217;Apéro à l&#8217;opéra&#8217;.</p>
<p><strong><em>28 January</em></strong></p>
<p>16h00, &#8216;De kleine Stooringe&#8217; Roeselare- Rumbeke, concert Amarant+, &#8216;Matinée à l&#8217;opéra&#8217;.</p>
<p>19h00, &#8216;De Kleine Stooringe&#8217;  Roeselare- Rumbeke, concert Amarant+, &#8216;Soirée à l&#8217;opéra&#8217;.</p>
<p>&nbsp;</p>
<p><strong>FEBRUARY 2017</strong></p>
<p><strong><em>19 February</em></strong></p>
<p>11h00, CC Guldenberg Wevelgem , concert Amarant +, &#8216;Apéro à l&#8217;opéra&#8217;.</p>
<p>&nbsp;</p>
<p><strong>MARCH 2017</strong></p>
<p><em><strong>12 March</strong></em></p>
<p>16h00, Kerk minderbroeders Kapucijnen Brugge, BWV 29, BWV 74, BWV 80 conductor I.Thevelein, L.Claesen.</p>
<p><em><strong>31 March</strong></em></p>
<p>20h00, Eglise Saint Jean Baptiste Dunkerque (F) , Stabat Mater- Pergolesi, Rheinberger, Kunz conductor: G.De Meyer.</p>
<p>&nbsp;</p>
<p><strong>APRIL 2017</strong></p>
<p><em><strong>2 April</strong></em></p>
<p>15h00, Dominicuskerk Amsterdam (NL), J.Haydn:&#8217;Die sieben letzten worte Unseres erlösers am kreuze&#8217; and</p>
<p>C. Franck:   &#8216;Les sept paroles du christ en croix&#8217;  conductor: Martin van der Brugge.</p>
<p><em><strong>8 April</strong></em></p>
<p>20h00, OLV ter Duinenkerk Koksijde, Stabat Mater- Pergolesi, Rheinberge, Kunz conductor: G. De Meyer.</p>
<p><em><strong>16 April</strong></em></p>
<p>10h15, Sankt Severin Aachen (D), Krönungsmesse W.A.Mozart, conductor M.Van Westen.</p>
<p><em><strong>22 April</strong></em></p>
<p>16hOO, Elisabethzaal Antwerpen, Carmina Burana C.Orff, conductor: P.Dinneweth.</p>
<p>20h00, Elisabethzaal Antwerpen, Carmina Burana C. Orff, conductor: P. Dinneweth.</p>
<p>&nbsp;</p>
<p><a href="http://sarahpeire.be/wp-content/uploads/2012/09/fotorechten8.2.jpg"><img loading="lazy" decoding="async" alt="fotorechten8.2" src="http://sarahpeire.be/wp-content/uploads/2012/09/fotorechten8.2.jpg" width="454" height="567" /></a></p>
<p><strong> MAY 2017</strong></p>
<p><strong><em>13 May</em></strong></p>
<p>20h00, Kerk Minderbroeders Kapucijnen Brugge, &#8216;Song of Songs&#8217; P. Hawes together with collegium De Dunis  conductor I.Thevelein</p>
<p>&nbsp;</p>
<p><strong>JUNE 2017 </strong></p>
<p><strong><em>4 June</em></strong></p>
<p>10h00, Sinr-Pieters abdij Gent, Cydonia barocca</p>
<p>&nbsp;</p>
<p><strong>JULY 2017</strong></p>
<p><strong><em> 6-16 July</em></strong></p>
<p>Docent Kooracademie Brugge</p>
<p><em><strong>16 July</strong></em></p>
<p>closing concert Kooracademie Brugge, works from P.Hawes,G.Rossine,  O.Gjeilo,e.a. conductor L.Claesen, I.Thevelein, P.Peire.</p>
<p>&nbsp;</p>
<p><strong>AUGUST 2017</strong></p>
<p><strong><em>31 July &#8211; 6 August</em></strong></p>
<p>Teacher at the  singing masterclass Bruges together with  Z. Vandersteene.</p>
<p>&nbsp;</p>
<p><strong>SEPTEMBER 2017</strong></p>
<p><strong><em>15 September</em></strong></p>
<p>20h00, CC &#8216;De Steiger&#8217; Menen, opera &#8216;Venus and Adonis&#8217; J.C.Pepush,  conductor P.Peire .</p>
<p><strong><em>16 September </em></strong></p>
<p>19h00, CC &#8216;De Spil&#8217; Roeselare, opera &#8216;Venus and Adonis&#8217; J.C.Pepush, conductor P.Peire.<strong> </strong></p>
<p>&nbsp;</p>
<p><strong>NOVEMBER 2017</strong></p>
<p><strong><em>18 November</em></strong></p>
<p>20h00, St-Pieterskerk Tielt, jubileumconcert Ultreya, works from O. Gjeilo and P.Hawes, conductor T.Hoornaert.</p>
<p>&nbsp;</p>
<p><strong>DECEMBER 2017</strong></p>
<p><strong><em>16 December</em></strong></p>
<p>20h00,  Sint-Pauluskerk  Antwerpen, &#8216;Messe in h-moll&#8217; J.S.Bach , Ensemble Alegria conductor M.Wuyts.</p>
<p><strong><em>26 December</em></strong></p>
<p>10h00,   Sankt Severin Aachen (D), Pastoralmesse A.Diabelli conductor M. van Westen.</p>
<p><em><strong>28 December </strong></em></p>
<p>20h00,  Kapucijnenkerk Brugge,&#8217; Weihnachtsoratorium&#8217; J.S.Bach , conductor I.Thevelein.</p>
<p>&nbsp;</p>

<p>JANUARY 2017 10 January 16h00, Promotiezaal Leuven, opluistering academische zitting faculteit Rechten together with C.Mertens piano, works from Poulenc, Rodrigo, Bizet. 22 January 10h00, Campus de Nayer Sint Katelijne Waver, concert Amarant+,&#8217;Apéro à l&#8217;opéra&#8217;. 28 January 16h00, &#8216;De kleine Stooringe&#8217; Roeselare- Rumbeke, concert Amarant+, &#8216;Matinée à l&#8217;opéra&#8217;. 19h00, &#8216;De Kleine Stooringe&#8217;  Roeselare- Rumbeke, concert Amarant+, [&hellip;]</p>
