{"id":829,"date":"2019-01-03T12:55:11","date_gmt":"2019-01-03T12:55:11","guid":{"rendered":"http:\/\/sarahpeire.be\/?page_id=829"},"modified":"2019-01-03T12:58:46","modified_gmt":"2019-01-03T12:58:46","slug":"concerts-2018","status":"publish","type":"page","link":"http:\/\/sarahpeire.be\/?page_id=829","title":{"rendered":"Concerts 2018"},"content":{"rendered":"<p><a href=\"http:\/\/sarahpeire.be\/wp-content\/uploads\/2018\/02\/40133066711_6a1c69946c_k.jpg\"><img loading=\"lazy\" decoding=\"async\" class=\"alignright size-large wp-image-779\" alt=\"40133066711_6a1c69946c_k\" src=\"http:\/\/sarahpeire.be\/wp-content\/uploads\/2018\/02\/40133066711_6a1c69946c_k-1024x678.jpg\" width=\"630\" height=\"417\" srcset=\"http:\/\/sarahpeire.be\/wp-content\/uploads\/2018\/02\/40133066711_6a1c69946c_k-1024x678.jpg 1024w, http:\/\/sarahpeire.be\/wp-content\/uploads\/2018\/02\/40133066711_6a1c69946c_k-300x198.jpg 300w, http:\/\/sarahpeire.be\/wp-content\/uploads\/2018\/02\/40133066711_6a1c69946c_k.jpg 2048w\" sizes=\"auto, (max-width: 630px) 100vw, 630px\" \/><\/a><\/p>\n<p>&nbsp;<\/p>\n<p><strong>FEBRUARY 2018<\/strong><\/p>\n<p><em><strong>25 February<\/strong><\/em><\/p>\n<p>16h00, Kapucijnenkerk Brugge, BWV 39,103,105.<\/p>\n<p>&nbsp;<\/p>\n<p><strong>MARCH 2018<\/strong><\/p>\n<p><strong><em>17 March<\/em><\/strong><\/p>\n<p>14h00, Bergkerk Den Haag (NL), Sieben letzte Worte &#8211; J.Haydn conductor M.van der Brugge.<\/p>\n<p>17h00, Bergkerk Den Haag (NL), Sieben letzte Worte &#8211; J.Haydn, conductor M. van der Brugge.<\/p>\n<p><em><strong>24 March<\/strong><\/em><\/p>\n<p>19h00, Sint Gillis kerk Brugge, Saint-Matthew Passion\u00a0 J.S.Bach, conductor I.Thevelein.<\/p>\n<p>&nbsp;<\/p>\n<p><strong>APRIL 2018<\/strong><\/p>\n<p><em><strong>1 April<\/strong><\/em><\/p>\n<p>10h30, Sankt Severin Aachen (D), Paukenmesse J.Haydn conductor M.Van Westen.<\/p>\n<p><strong><em>20 April<\/em><\/strong><\/p>\n<p>20h00, Oblatenauditorium Academie, Waregem, aria&#8217;s Mozart, Bizet, Verdi together with \u00a0&#8216;Con Cuore&#8217; conductor : J.Vuye.<\/p>\n<p><em><strong>21 April<\/strong><\/em><\/p>\n<p>20hOO, Oblatenouditorium Academie, Waregem, aria&#8217;s Mozart, Bizet Verdi together with &#8216;Con Cuore&#8217; conductor : J.Vuye.<\/p>\n<p><em><strong>27 April<\/strong><\/em><\/p>\n<p>20h00, Sint-Godelievekerk Roeselare , Song of Songs-P. Hawes, conductor: I.Thevelein.<\/p>\n<p>&nbsp;<\/p>\n<p><a href=\"http:\/\/sarahpeire.be\/wp-content\/uploads\/2018\/05\/Con-Cuore-opera.jpg\"><img loading=\"lazy\" decoding=\"async\" class=\"alignright size-large wp-image-802\" alt=\"Con Cuore opera\" src=\"http:\/\/sarahpeire.be\/wp-content\/uploads\/2018\/05\/Con-Cuore-opera-1024x682.jpg\" width=\"630\" height=\"419\" srcset=\"http:\/\/sarahpeire.be\/wp-content\/uploads\/2018\/05\/Con-Cuore-opera-1024x682.jpg 1024w, http:\/\/sarahpeire.be\/wp-content\/uploads\/2018\/05\/Con-Cuore-opera-300x199.jpg 300w\" sizes=\"auto, (max-width: 630px) 100vw, 630px\" \/><\/a><\/p>\n<p>&nbsp;<\/p>\n<p><strong>JULY 2018<\/strong><\/p>\n<p><em><strong>9- 15 July<\/strong><\/em><\/p>\n<p>teacher at Bruges Kooracademie, Psallite.<\/p>\n<p><strong><em>11 July<\/em><\/strong><\/p>\n<p>20h00, Cadzant (NL), zomeravondconcerten aan Zee, &#8216;Soir\u00e9e \u00e0 l&#8217;op\u00e9ra&#8217; together with woodwindquintet Amarant.<\/p>\n<p><strong><em>23-29 July<\/em><\/strong><\/p>\n<p>Bruges, Teacher at Masterclass together with Z.Vandersteen.<\/p>\n<p>&nbsp;<\/p>\n<p>&nbsp;<\/p>\n<p>&nbsp;<\/p>\n<p>&nbsp;<\/p>\n<p><strong>SEPTEMBER 2018<\/strong><\/p>\n<p><strong><em>9 September<\/em><\/strong><\/p>\n<p>19H00, Muziekcentrum Frits Philips, Eindhoven (NL), Sch\u00f6pfung-J.Haydn, conductor: M. van der Brugge.<\/p>\n<p>&nbsp;<\/p>\n<p><strong>OCTOBER 2018<\/strong><\/p>\n<p><strong><em>14 October<\/em><\/strong><\/p>\n<p>Laarne, concert work from J.Van der Oost, conductor: D.Deroeck.<\/p>\n<p><strong><em>28 October<\/em><\/strong><\/p>\n<p>Sint-Baafs, Aardenburg (NL), works form Charpentier, Sweelinck, Picanyol, conductor: M. van Westen.<\/p>\n<p>&nbsp;<\/p>\n<p><strong>NOVEMBER 2018<\/strong><\/p>\n<p><strong><em>16 November<\/em><\/strong><\/p>\n<p>Wetteren, CC Nova, concert works from J.Van der Oost, conductor: D.Deroeck.<\/p>\n<p><em><strong>17 November<\/strong><\/em><\/p>\n<p>Wetteren,CC Nova, concert works from J.Van der Oost, conductor: D.Deroeck.<\/p>\n<p>&nbsp;<\/p>\n<p><strong>DECEMBER 2018<\/strong><\/p>\n<p><strong><em>8 December<\/em><\/strong><\/p>\n<p>Berlare, BWV 84 &amp; BWV 32 &#8216; the best of Bach&#8217;, conductor: P.Peire.<\/p>\n<p><em><strong><strong><em>14 December<\/em><\/strong><\/strong><\/em><\/p>\n<p>20h30 Ename, Sint -Laurentius church, works from J.Rodrigo &amp; E.Granados , together with E.De Bock.<\/p>\n<p><em><strong>25 December<\/strong><\/em><\/p>\n<p>9h30, Sankt Severin \u00a0Aachen (D), F. Schubert mass in F, conductor: M. Van Westen<\/p>\n<p><em><strong>28 December<\/strong><\/em><\/p>\n<p>Brugge, &#8216;the Messiah&#8217; G.F.H\u00e4ndel, conductor: I.Thevelein.<\/p>\n<p>&nbsp;<\/p>\n","protected":false},"excerpt":{"rendered":"<p>&nbsp; FEBRUARY 2018 25 February 16h00, Kapucijnenkerk Brugge, BWV 39,103,105. &nbsp; MARCH 2018 17 March 14h00, Bergkerk Den Haag (NL), Sieben letzte Worte &#8211; J.Haydn conductor M.van der Brugge. 17h00, Bergkerk Den Haag (NL), Sieben letzte Worte &#8211; J.Haydn, conductor M. van der Brugge. 24 March 19h00, Sint Gillis kerk Brugge, Saint-Matthew Passion\u00a0 J.S.Bach, conductor [&hellip;]<\/p>\n","protected":false},"author":1,"featured_media":0,"parent":9,"menu_order":93,"comment_status":"closed","ping_status":"closed","template":"","meta":{"footnotes":""},"class_list":["post-829","page","type-page","status-publish","hentry"],"_links":{"self":[{"href":"http:\/\/sarahpeire.be\/index.php?rest_route=\/wp\/v2\/pages\/829","targetHints":{"allow":["GET"]}}],"collection":[{"href":"http:\/\/sarahpeire.be\/index.php?rest_route=\/wp\/v2\/pages"}],"about":[{"href":"http:\/\/sarahpeire.be\/index.php?rest_route=\/wp\/v2\/types\/page"}],"author":[{"embeddable":true,"href":"http:\/\/sarahpeire.be\/index.php?rest_route=\/wp\/v2\/users\/1"}],"replies":[{"embeddable":true,"href":"http:\/\/sarahpeire.be\/index.php?rest_route=%2Fwp%2Fv2%2Fcomments&post=829"}],"version-history":[{"count":2,"href":"http:\/\/sarahpeire.be\/index.php?rest_route=\/wp\/v2\/pages\/829\/revisions"}],"predecessor-version":[{"id":831,"href":"http:\/\/sarahpeire.be\/index.php?rest_route=\/wp\/v2\/pages\/829\/revisions\/831"}],"up":[{"embeddable":true,"href":"http:\/\/sarahpeire.be\/index.php?rest_route=\/wp\/v2\/pages\/9"}],"wp:attachment":[{"href":"http:\/\/sarahpeire.be\/index.php?rest_route=%2Fwp%2Fv2%2Fmedia&parent=829"}],"curies":[{"name":"wp","href":"https:\/\/api.w.org\/{rel}","templated":true}]}}

<p><a href="http://sarahpeire.be/wp-content/uploads/2018/02/40133066711_6a1c69946c_k.jpg"><img loading="lazy" decoding="async" class="alignright size-large wp-image-779" alt="40133066711_6a1c69946c_k" src="http://sarahpeire.be/wp-content/uploads/2018/02/40133066711_6a1c69946c_k-1024x678.jpg" width="630" height="417" srcset="http://sarahpeire.be/wp-content/uploads/2018/02/40133066711_6a1c69946c_k-1024x678.jpg 1024w, http://sarahpeire.be/wp-content/uploads/2018/02/40133066711_6a1c69946c_k-300x198.jpg 300w, http://sarahpeire.be/wp-content/uploads/2018/02/40133066711_6a1c69946c_k.jpg 2048w" sizes="auto, (max-width: 630px) 100vw, 630px" /></a></p>
<p>&nbsp;</p>
<p><strong>FEBRUARY 2018</strong></p>
<p><em><strong>25 February</strong></em></p>
<p>16h00, Kapucijnenkerk Brugge, BWV 39,103,105.</p>
<p>&nbsp;</p>
<p><strong>MARCH 2018</strong></p>
<p><strong><em>17 March</em></strong></p>
<p>14h00, Bergkerk Den Haag (NL), Sieben letzte Worte &#8211; J.Haydn conductor M.van der Brugge.</p>
<p>17h00, Bergkerk Den Haag (NL), Sieben letzte Worte &#8211; J.Haydn, conductor M. van der Brugge.</p>
<p><em><strong>24 March</strong></em></p>
<p>19h00, Sint Gillis kerk Brugge, Saint-Matthew Passion  J.S.Bach, conductor I.Thevelein.</p>
<p>&nbsp;</p>
<p><strong>APRIL 2018</strong></p>
<p><em><strong>1 April</strong></em></p>
<p>10h30, Sankt Severin Aachen (D), Paukenmesse J.Haydn conductor M.Van Westen.</p>
<p><strong><em>20 April</em></strong></p>
<p>20h00, Oblatenauditorium Academie, Waregem, aria&#8217;s Mozart, Bizet, Verdi together with  &#8216;Con Cuore&#8217; conductor : J.Vuye.</p>
<p><em><strong>21 April</strong></em></p>
<p>20hOO, Oblatenouditorium Academie, Waregem, aria&#8217;s Mozart, Bizet Verdi together with &#8216;Con Cuore&#8217; conductor : J.Vuye.</p>
<p><em><strong>27 April</strong></em></p>
<p>20h00, Sint-Godelievekerk Roeselare , Song of Songs-P. Hawes, conductor: I.Thevelein.</p>
<p>&nbsp;</p>
<p><a href="http://sarahpeire.be/wp-content/uploads/2018/05/Con-Cuore-opera.jpg"><img loading="lazy" decoding="async" class="alignright size-large wp-image-802" alt="Con Cuore opera" src="http://sarahpeire.be/wp-content/uploads/2018/05/Con-Cuore-opera-1024x682.jpg" width="630" height="419" srcset="http://sarahpeire.be/wp-content/uploads/2018/05/Con-Cuore-opera-1024x682.jpg 1024w, http://sarahpeire.be/wp-content/uploads/2018/05/Con-Cuore-opera-300x199.jpg 300w" sizes="auto, (max-width: 630px) 100vw, 630px" /></a></p>
<p>&nbsp;</p>
<p><strong>JULY 2018</strong></p>
<p><em><strong>9- 15 July</strong></em></p>
<p>teacher at Bruges Kooracademie, Psallite.</p>
<p><strong><em>11 July</em></strong></p>
<p>20h00, Cadzant (NL), zomeravondconcerten aan Zee, &#8216;Soirée à l&#8217;opéra&#8217; together with woodwindquintet Amarant.</p>
<p><strong><em>23-29 July</em></strong></p>
<p>Bruges, Teacher at Masterclass together with Z.Vandersteen.</p>
<p>&nbsp;</p>
<p>&nbsp;</p>
<p>&nbsp;</p>
<p>&nbsp;</p>
<p><strong>SEPTEMBER 2018</strong></p>
<p><strong><em>9 September</em></strong></p>
<p>19H00, Muziekcentrum Frits Philips, Eindhoven (NL), Schöpfung-J.Haydn, conductor: M. van der Brugge.</p>
<p>&nbsp;</p>
<p><strong>OCTOBER 2018</strong></p>
<p><strong><em>14 October</em></strong></p>
<p>Laarne, concert work from J.Van der Oost, conductor: D.Deroeck.</p>
<p><strong><em>28 October</em></strong></p>
<p>Sint-Baafs, Aardenburg (NL), works form Charpentier, Sweelinck, Picanyol, conductor: M. van Westen.</p>
<p>&nbsp;</p>
<p><strong>NOVEMBER 2018</strong></p>
<p><strong><em>16 November</em></strong></p>
<p>Wetteren, CC Nova, concert works from J.Van der Oost, conductor: D.Deroeck.</p>
<p><em><strong>17 November</strong></em></p>
<p>Wetteren,CC Nova, concert works from J.Van der Oost, conductor: D.Deroeck.</p>
<p>&nbsp;</p>
<p><strong>DECEMBER 2018</strong></p>
<p><strong><em>8 December</em></strong></p>
<p>Berlare, BWV 84 &amp; BWV 32 &#8216; the best of Bach&#8217;, conductor: P.Peire.</p>
<p><em><strong><strong><em>14 December</em></strong></strong></em></p>
<p>20h30 Ename, Sint -Laurentius church, works from J.Rodrigo &amp; E.Granados , together with E.De Bock.</p>
<p><em><strong>25 December</strong></em></p>
<p>9h30, Sankt Severin  Aachen (D), F. Schubert mass in F, conductor: M. Van Westen</p>
<p><em><strong>28 December</strong></em></p>
<p>Brugge, &#8216;the Messiah&#8217; G.F.Händel, conductor: I.Thevelein.</p>
<p>&nbsp;</p>
